q + 4 = -q + 5*p. Is (q + (5 - -498))/1 composite?
False
Let d(c) = -c**3 - 6*c - 5. Let a = 5 + -9. Let x be d(a). Let y = 168 + x. Is y a composite number?
False
Suppose -4*w + 7484 = -5904. Is w a composite number?
False
Suppose -29 = 2*v - 23. Is 5/((-60)/2732)*v composite?
False
Let i be ((-63)/(-15))/7 + (-77)/(-5). Is (-141)/6*(2 - i) a prime number?
False
Let f(r) = -r**3 + 4*r**2 + 3*r + 5. Let g be f(5). Let w(j) = j**3 - j**2 - 4*j - 1. Let p be w(g). Is (-2)/2*p - 4 a prime number?
True
Let s = -673 + 1376. Is s a composite number?
True
Let o be 636/5 - ((-42)/(-35) + -1). Suppose -x - o = -2*x. Is x composite?
False
Suppose -1 = -5*b - 11. Let f(j) = -j**3 - j**2 + 2. Let u be f(b). Suppose 195 + 4047 = u*m. Is m composite?
True
Suppose -13885 = 51*p - 56*p. Is p a prime number?
True
Suppose -8*p = -5*p. Let g(w) = -9 - w**3 - w**3 + 3*w**2 + w**3 + p*w + 2*w. Is g(-7) a prime number?
True
Is (-21)/(-9) - 4532/(-66) a composite number?
False
Suppose 3 - 27 = -4*n. Suppose 2 = -2*j, -n*i + 2948 = -3*i + j. Is i composite?
False
Let s be (-2)/(-2 - 0)*8. Let o(c) = 11 - 204*c - s - 4*c. Is o(-4) prime?
False
Let m = -202 - -313. Suppose -4*f = -m - 1. Suppose j - 275 = -f. Is j a composite number?
True
Let p = 12757 + -4134. Is p a prime number?
True
Suppose 3*n - 6 = 2*v - 17, -4*n = -2*v + 14. Let h(s) = 2*s**2. Let p be h(v). Suppose 451 = p*i - 15. Is i prime?
True
Suppose -2*c = c. Let l(d) = d**2 - 7*d - 21. Let k be l(-10). Suppose 2*o - o - k = c. Is o a composite number?
False
Let x(r) = r**2 + 13*r + 17. Let o be x(-12). Suppose 5*n - 240 = -5*t, 2*n = -2*n + o*t + 174. Is n composite?
True
Let l = -11577 + 27206. Is l composite?
False
Let k(o) = 113*o + 9 + 15 - 14. Let r be k(-6). Let h = -369 - r. Is h prime?
False
Suppose 4*z - 15532 = 4*y, 5*z - 3*y = -y + 19400. Let r = -2037 + z. Is r a prime number?
False
Let r = 203746 - 69893. Is r a prime number?
True
Let o = -48 - -50. Suppose -l = -o*l + 119. Is l composite?
True
Let z = 122 + -119. Suppose -5*q + n + 15599 = 0, 4*n - 14206 = -z*q - 4865. Is q composite?
False
Let w(j) = j + 21. Let n be w(-19). Suppose 2*i + 8 = 4*i. Suppose r + 5*o = -i*r + 6010, -4*r + 4806 = n*o. Is r composite?
False
Let f = 13299 - 8162. Is f prime?
False
Let v = -211 - -372. Let i = v + 170. Is i composite?
False
Suppose 0 = -c - 7*w + 5*w + 2123, -6396 = -3*c + 3*w. Is c a composite number?
False
Let d(q) = 365*q + 25. Let m be d(12). Suppose 2*u - 1734 = -5*v, -m = -5*u + v + 4*v. Is u composite?
False
Let g(k) = 2776*k + 89*k**2 - 4 + 5 - 2 - 2782*k. Is g(4) a prime number?
True
Let a = -74961 + 145644. Is a prime?
False
Let o be (-4)/(-4 + 0) + -2. Is o/(-7) - 23700/(-14) a composite number?
False
Is (45 - 44)*(-1 + 920) a composite number?
False
Suppose 113*d + 20 = 118*d. Suppose d*c - 1711 = 285. Is c a composite number?
False
Let g(b) = b**3 + 52*b**2 - 113*b + 43. Is g(-48) a prime number?
True
Is -5 + 404/6*21 prime?
True
Suppose 0 = -h + 2*l + 51, -5*l + 3 = 8. Suppose h*f - 4996 = 45*f. Is f composite?
False
Let x(a) = a**3 + a**2 - 2380. Let o be x(0). Let n = 3373 + o. Is n composite?
True
Let g = -99 + -150. Let x = -155 - g. Is x prime?
False
Let t = -7 - -12. Suppose -5*q = t*h - 1305, 3*h + 111 = 2*q + 904. Is h a prime number?
True
Let t(z) = -z**3 - 8*z**2 - 8*z - 1. Let m be t(-7). Is (-5316)/8*m/(-9) a composite number?
False
Suppose -4*a + m - 23 = 7, 5*a + 5*m = -50. Let u(c) = 17*c**2 - 8*c + 11. Is u(a) a composite number?
False
Is (12 - 145173/6)*-2 prime?
False
Let a = -2 - 3. Let g(w) = -w - 1. Let f(r) = -r**3 - 3*r**2 + 3*r - 8. Let t(q) = f(q) - 2*g(q). Is t(a) composite?
False
Let m(n) = -n**2 - 3 + 1 + 3*n**2 + 2*n. Let y be m(-2). Suppose r + 74 = y*r. Is r composite?
True
Suppose k - 11575 = -2*q, -3*k - 2*q + 38784 - 4051 = 0. Is k a prime number?
True
Let g(j) = j**2 - 11*j - 78. Let l be g(16). Suppose 6972 = 4*k + l*n, 1396 = k - 5*n - 369. Is k composite?
True
Let l = 2191 + -987. Is l/16*-2*-2 composite?
True
Suppose 0 = -4*c + 10 + 2. Let z(q) = 42*q + 8. Let d(j) = 21*j + 4. Let p(l) = -7*d(l) + 4*z(l). Is p(c) prime?
True
Let q be 2/(-10) - ((-156)/(-20) - -4). Is (-4)/(-10)*(q + 77) a prime number?
False
Let x(y) be the first derivative of -y**2/2 - y + 4. Let c be x(7). Is 6/(c/(1 + -5)) composite?
False
Let u(f) = 988*f + 6. Let m be u(1). Suppose 2*t = -4*x + m, -467 = -t + 8*x - 4*x. Is t a composite number?
False
Let r(v) be the first derivative of -17/4*v**4 - 1/2*v**2 - v - 6 + 1/3*v**3. Is r(-2) prime?
False
Suppose 20*d = 28201 + 95739. Is d prime?
True
Suppose 26*v - 19*v - 83041 = 0. Is v a composite number?
False
Let i(l) = 83*l**3 + l**2 - 4*l + 2. Suppose -311*g + 315*g = 4. Is i(g) a prime number?
False
Let b(x) = -1696*x**3 - 8004*x**3 + 1 - 431*x**3 + x**2 + 679*x**3 - 2*x. Let i be b(1). Is 4/(-7) + i/(-28) prime?
True
Let z(f) = -109*f - 7. Let l be z(-2). Suppose 38 + 302 = 5*k - p, 0 = -3*k + 2*p + l. Is k a prime number?
True
Let p(l) = -1018*l - 97. Is p(-1) composite?
True
Is (46319/182)/((-9)/(-4) + -2) prime?
False
Let x(f) = f - 19. Let c be x(11). Let h be (12 + -8)*(-6)/c. Suppose 3*v + 3*r = 90, 26 + 82 = 3*v - h*r. Is v a prime number?
False
Let z = -3164 - -9607. Is z a composite number?
True
Suppose 2*c - 471 = -39. Let r = -11 + c. Is r composite?
True
Suppose -2*p = -3*t - p + 14, 4*p = 5*t - 21. Suppose 0 = -t*v + 371 + 459. Is v prime?
False
Let z = 78 + -298. Suppose -5*y = -5*r - 505, 0 = 2*r - y - 122 + 324. Let x = r - z. Is x prime?
False
Let j(y) = -y**3 - 18*y**2 - 20*y + 8. Is j(-17) a prime number?
True
Suppose g + 2 = c, -3*g + 1 = -c - 1. Suppose c*t = -t + 15035. Is t a prime number?
False
Let l(x) = -x**3 - 24*x**2 + 127*x + 37. Is l(-34) composite?
True
Let w(g) = 5*g**2 + g + 11. Let h(a) = a**3 - 13*a**2 + 1. Let s be h(13). Let x = s - 6. Is w(x) composite?
False
Suppose -41*b + 1293116 = 267255. Is b composite?
True
Let b = -1 + 9. Suppose 0 = -2*s + 4*s - b. Suppose -s*m - 348 = -4*v, -181 = -4*v + 3*m + 167. Is v a composite number?
True
Let l = -1983 + 6002. Is l a composite number?
False
Let c = 807 + -4295. Let u = -1335 - c. Is u composite?
False
Let q(c) = c**3 - 3*c**2 - 14*c + 3. Let f be q(9). Let b = -100 + f. Is b a composite number?
False
Suppose 0 = n - 0*n + 2*g + 5, 0 = -4*n + 2*g + 30. Suppose -3*k + 3 = 0, 0 = n*z + 2*k - 101 - 6. Is z a prime number?
False
Let h(j) = -15*j**3 + 4*j**2 + j + 10. Let g be h(-4). Suppose -3*k + g = 3*b - b, 5*b = k + 2541. Is b a composite number?
False
Suppose -3*s = 2*s. Let x = s - 0. Suppose 2*n + 5*o - 187 - 4 = x, 5*o - 274 = -3*n. Is n composite?
False
Let f be 4*-1*(8 - 36). Is (-4 - (-3 - 2)) + f composite?
False
Suppose 45*h - 480620 = 17*h. Is h a prime number?
False
Let r = 58 - 76. Let u be ((-4)/6)/(1/54). Is (-3650)/r + (-8)/u a composite number?
True
Suppose b - 12 = -2*b. Suppose -3 + 15 = -b*k. Is (974/3)/((-2)/k) composite?
False
Let s(b) = -4*b**3 - 2*b + 5*b**3 + 2 - b - 5*b**2 - 3*b. Let i be s(6). Suppose a = -i*a + 159. Is a a prime number?
True
Let s = -5 - -7. Suppose 0 = -s*u - 0*u + 514. Is u a composite number?
False
Suppose -4*y + t - 14 = 4*t, 4 = -2*t. Let c be (1 + -3)/(-2) - y. Suppose 6*l = c*l + 573. Is l composite?
False
Let g be (-2 - 1712) + 3 + 0. Let f = -804 - g. Is f a prime number?
True
Suppose -5*s = -1 - 4. Suppose 2*a - s = 7. Suppose a*l - 5*d - 187 = 0, 2*d = -2*l + d + 111. Is l composite?
False
Let w = -34591 - -51742. Is w a composite number?
True
Suppose 2*o - 2536 = -2*o. Is o a composite number?
True
Suppose 4*t + 17 - 101 = 0. Let u be 3165/t + 12/42. Suppose 2*p + 2*g = 60, 9*p - 4*p + 4*g = u. Is p composite?
False
Suppose -3*w - 5*q + 70925 = 18929, -2*w + 34669 = 5*q. Is w composite?
False
Let i = 11 - 5. Is ((-422)/(-1))/(i/15 - 0) a composite number?
True
Suppose 731 = -3*x - 868. Let y = x - -1452. Is y a composite number?
False
Is (2665 - 7) + 2 + -5 + 2 composite?
False
Let f(n) = 1 - n - 4*n + 6*n**2 + 0 - n**3. Let r be f(5). Let s = 9 + r. Is s composite?
True
Let g(k) = 3*k - 24. Let v be g(9). Suppose 2*c = c + 2*n + 443, -3*c = v*n - 1329. Is c prime?
True
Suppose 0 = 4*k - 2*t - 4500, -5*k - t = -2*k - 3375. Let c(q) = 4*q**2 + 67*q - 3. Let g be c(-23). Let p = 